{"id":108,"date":"2022-11-21T17:38:47","date_gmt":"2022-11-21T17:38:47","guid":{"rendered":"https:\/\/triathlonvilleparisis.com\/?page_id=108"},"modified":"2023-11-20T15:36:09","modified_gmt":"2023-11-20T15:36:09","slug":"tenues-tcv","status":"publish","type":"page","link":"https:\/\/triathlonvilleparisis.com\/index.php\/tenues-tcv\/","title":{"rendered":"Tenues Triathlon Club Villeparisis"},"content":{"rendered":"\n<h2 class=\"wp-block-heading\">Black Friday 2023<\/h2>\n\n\n\n<p>\u00c0 partir de Vendredi 24 Novembre et jusqu&rsquo;au 31 d\u00e9cembre 2023, toutes les Trifonctions sont \u00e0 50%<\/p>\n\n\n\n<figure class=\"wp-block-image size-full\"><img loading=\"lazy\" decoding=\"async\" width=\"634\" height=\"286\" src=\"https:\/\/triathlonvilleparisis.com\/wp-content\/uploads\/2023\/11\/Capture-decran-2023-11-20-154058.jpg\" alt=\"\" class=\"wp-image-640\" srcset=\"https:\/\/triathlonvilleparisis.com\/wp-content\/uploads\/2023\/11\/Capture-decran-2023-11-20-154058.jpg 634w, https:\/\/triathlonvilleparisis.com\/wp-content\/uploads\/2023\/11\/Capture-decran-2023-11-20-154058-300x135.jpg 300w\" sizes=\"(max-width: 634px) 100vw, 634px\" \/><\/figure>\n\n\n\n<figure class=\"wp-block-image size-full\"><img loading=\"lazy\" decoding=\"async\" width=\"634\" height=\"136\" src=\"https:\/\/triathlonvilleparisis.com\/wp-content\/uploads\/2023\/11\/Capture-decran-2023-11-20-154328.jpg\" alt=\"\" class=\"wp-image-641\" srcset=\"https:\/\/triathlonvilleparisis.com\/wp-content\/uploads\/2023\/11\/Capture-decran-2023-11-20-154328.jpg 634w, https:\/\/triathlonvilleparisis.com\/wp-content\/uploads\/2023\/11\/Capture-decran-2023-11-20-154328-300x64.jpg 300w\" sizes=\"(max-width: 634px) 100vw, 634px\" \/><\/figure>\n\n\n\n<div style=\"height:10px\" aria-hidden=\"true\" class=\"wp-block-spacer\"><\/div>\n\n\n\n<div data-wp-interactive=\"core\/file\" class=\"wp-block-file\"><object data-wp-bind--hidden=\"!state.hasPdfPreview\"  class=\"wp-block-file__embed\" data=\"https:\/\/triathlonvilleparisis.com\/wp-content\/uploads\/2023\/11\/Catalogue-tenues-Spall-TCV.pdf\" type=\"application\/pdf\" style=\"width:100%;height:600px\" aria-label=\"Contenu embarqu\u00e9 Catalogue-tenues-Spall-TCV.\"><\/object><a id=\"wp-block-file--media-22c5e88b-0370-4e05-9ddd-b03370c1f9e4\" href=\"https:\/\/triathlonvilleparisis.com\/wp-content\/uploads\/2023\/11\/Catalogue-tenues-Spall-TCV.pdf\">Catalogue-tenues-Spall-TCV<\/a><a href=\"https:\/\/triathlonvilleparisis.com\/wp-content\/uploads\/2023\/11\/Catalogue-tenues-Spall-TCV.pdf\" class=\"wp-block-file__button wp-element-button\" download aria-describedby=\"wp-block-file--media-22c5e88b-0370-4e05-9ddd-b03370c1f9e4\">T\u00e9l\u00e9charger<\/a><\/div>\n","protected":false},"excerpt":{"rendered":"<p>Black Friday 2023 \u00c0 partir de Vendredi 24 Novembre et jusqu&rsquo;au 31 d\u00e9cembre 2023, toutes les Trifonctions sont \u00e0 50%<\/p>\n","protected":false},"author":1,"featured_media":0,"parent":0,"menu_order":0,"comment_status":"closed","ping_status":"closed","template":"","meta":{"footnotes":""},"class_list":["post-108","page","type-page","status-publish","hentry"],"_links":{"self":[{"href":"https:\/\/triathlonvilleparisis.com\/index.php\/wp-json\/wp\/v2\/pages\/108"}],"collection":[{"href":"https:\/\/triathlonvilleparisis.com\/index.php\/wp-json\/wp\/v2\/pages"}],"about":[{"href":"https:\/\/triathlonvilleparisis.com\/index.php\/wp-json\/wp\/v2\/types\/page"}],"author":[{"embeddable":true,"href":"https:\/\/triathlonvilleparisis.com\/index.php\/wp-json\/wp\/v2\/users\/1"}],"replies":[{"embeddable":true,"href":"https:\/\/triathlonvilleparisis.com\/index.php\/wp-json\/wp\/v2\/comments?post=108"}],"version-history":[{"count":11,"href":"https:\/\/triathlonvilleparisis.com\/index.php\/wp-json\/wp\/v2\/pages\/108\/revisions"}],"predecessor-version":[{"id":643,"href":"https:\/\/triathlonvilleparisis.com\/index.php\/wp-json\/wp\/v2\/pages\/108\/revisions\/643"}],"wp:attachment":[{"href":"https:\/\/triathlonvilleparisis.com\/index.php\/wp-json\/wp\/v2\/media?parent=108"}],"curies":[{"name":"wp","href":"https:\/\/api.w.org\/{rel}","templated":true}]}}