{"id":13,"date":"2022-11-08T21:00:35","date_gmt":"2022-11-08T21:00:35","guid":{"rendered":"https:\/\/triathlonvilleparisis.com\/?page_id=13"},"modified":"2023-01-25T17:08:21","modified_gmt":"2023-01-25T17:08:21","slug":"entrainements","status":"publish","type":"page","link":"https:\/\/triathlonvilleparisis.com\/index.php\/entrainements\/","title":{"rendered":"Entra\u00eenements"},"content":{"rendered":"\n<figure class=\"wp-block-image\"><img loading=\"lazy\" decoding=\"async\" width=\"480\" height=\"640\" src=\"https:\/\/triathlonvilleparisis.com\/wp-content\/uploads\/2022\/11\/IMG_6581-1-rotated.jpg\" alt=\"\" class=\"wp-image-224\" srcset=\"https:\/\/triathlonvilleparisis.com\/wp-content\/uploads\/2022\/11\/IMG_6581-1-rotated.jpg 480w, https:\/\/triathlonvilleparisis.com\/wp-content\/uploads\/2022\/11\/IMG_6581-1-225x300.jpg 225w\" sizes=\"(max-width: 480px) 100vw, 480px\" \/><\/figure>\n\n\n\n<p><strong>Natation piscine :<\/strong><\/p>\n\n\n\n<p>Adresse : Piscine Jean Taris<\/p>\n\n\n\n<p>88 Avenue de Berny 77270 Villeparisis<\/p>\n\n\n\n<p>Lundi : de 20h30 \u00e0 21h30<\/p>\n\n\n\n<p class=\"has-text-align-left\">Mercredi : de 20h \u00e0 21h30<\/p>\n\n\n\n<div style=\"height:50px\" aria-hidden=\"true\" class=\"wp-block-spacer\"><\/div>\n\n\n\n<figure class=\"wp-block-image is-resized\"><img loading=\"lazy\" decoding=\"async\" src=\"https:\/\/triathlonvilleparisis.com\/wp-content\/uploads\/2022\/11\/IMG_0116basetorcy-compressed-1-1024x768.jpg\" alt=\"\" class=\"wp-image-231\" width=\"616\" height=\"462\" srcset=\"https:\/\/triathlonvilleparisis.com\/wp-content\/uploads\/2022\/11\/IMG_0116basetorcy-compressed-1-1024x768.jpg 1024w, https:\/\/triathlonvilleparisis.com\/wp-content\/uploads\/2022\/11\/IMG_0116basetorcy-compressed-1-300x225.jpg 300w, https:\/\/triathlonvilleparisis.com\/wp-content\/uploads\/2022\/11\/IMG_0116basetorcy-compressed-1-768x576.jpg 768w, https:\/\/triathlonvilleparisis.com\/wp-content\/uploads\/2022\/11\/IMG_0116basetorcy-compressed-1-1536x1152.jpg 1536w, https:\/\/triathlonvilleparisis.com\/wp-content\/uploads\/2022\/11\/IMG_0116basetorcy-compressed-1-2048x1536.jpg 2048w\" sizes=\"(max-width: 616px) 100vw, 616px\" \/><\/figure>\n\n\n\n<p><strong>Natation en eau libre :<\/strong><\/p>\n\n\n\n<p>D\u00e9but Avril jusqu&rsquo;au mois d&rsquo;Octobre \u00e0 la base de loisirs de Torcy.<\/p>\n\n\n\n<p>Mardi et Jeudi : de 18h \u00e0 20h<\/p>\n\n\n\n<p>Samedi de 8h \u00e0 10h<\/p>\n\n\n\n<div style=\"height:50px\" aria-hidden=\"true\" class=\"wp-block-spacer\"><\/div>\n\n\n\n<figure class=\"wp-block-image is-resized\"><img loading=\"lazy\" decoding=\"async\" src=\"https:\/\/triathlonvilleparisis.com\/wp-content\/uploads\/2022\/11\/chateau-compressed-1.jpg\" alt=\"\" class=\"wp-image-228\" width=\"573\" height=\"473\" srcset=\"https:\/\/triathlonvilleparisis.com\/wp-content\/uploads\/2022\/11\/chateau-compressed-1.jpg 800w, https:\/\/triathlonvilleparisis.com\/wp-content\/uploads\/2022\/11\/chateau-compressed-1-300x248.jpg 300w, https:\/\/triathlonvilleparisis.com\/wp-content\/uploads\/2022\/11\/chateau-compressed-1-768x635.jpg 768w\" sizes=\"(max-width: 573px) 100vw, 573px\" \/><\/figure>\n\n\n\n<p class=\"has-text-align-center\"><strong>Cyclisme :<\/strong><\/p>\n\n\n\n<p>Entra\u00eenement libre et\/ou en groupe plus d&rsquo;information sur le groupe WhatsApp<\/p>\n\n\n\n<div style=\"height:50px\" aria-hidden=\"true\" class=\"wp-block-spacer\"><\/div>\n\n\n\n<figure class=\"wp-block-image is-resized\"><img loading=\"lazy\" decoding=\"async\" src=\"https:\/\/triathlonvilleparisis.com\/wp-content\/uploads\/2022\/11\/184deauville-compressed.jpg\" alt=\"\" class=\"wp-image-230\" width=\"538\" height=\"727\" srcset=\"https:\/\/triathlonvilleparisis.com\/wp-content\/uploads\/2022\/11\/184deauville-compressed.jpg 651w, https:\/\/triathlonvilleparisis.com\/wp-content\/uploads\/2022\/11\/184deauville-compressed-222x300.jpg 222w\" sizes=\"(max-width: 538px) 100vw, 538px\" \/><\/figure>\n\n\n\n<p><strong>Course \u00e0 pieds :<\/strong><\/p>\n\n\n\n<p>Entra\u00eenement libre et\/ou en groupe plus d&rsquo;information sur le groupe WhatsApp<\/p>\n","protected":false},"excerpt":{"rendered":"<p>Natation piscine : Adresse : Piscine Jean Taris 88 Avenue de Berny 77270 Villeparisis Lundi : de 20h30 \u00e0 21h30 Mercredi : de 20h \u00e0 21h30 Natation en eau libre : D\u00e9but Avril jusqu&rsquo;au mois d&rsquo;Octobre \u00e0 la base de loisirs de Torcy. Mardi et Jeudi : de 18h \u00e0 20h Samedi de 8h \u00e0 [&hellip;]<\/p>\n","protected":false},"author":1,"featured_media":0,"parent":0,"menu_order":0,"comment_status":"closed","ping_status":"closed","template":"","meta":{"footnotes":""},"class_list":["post-13","page","type-page","status-publish","hentry"],"_links":{"self":[{"href":"https:\/\/triathlonvilleparisis.com\/index.php\/wp-json\/wp\/v2\/pages\/13"}],"collection":[{"href":"https:\/\/triathlonvilleparisis.com\/index.php\/wp-json\/wp\/v2\/pages"}],"about":[{"href":"https:\/\/triathlonvilleparisis.com\/index.php\/wp-json\/wp\/v2\/types\/page"}],"author":[{"embeddable":true,"href":"https:\/\/triathlonvilleparisis.com\/index.php\/wp-json\/wp\/v2\/users\/1"}],"replies":[{"embeddable":true,"href":"https:\/\/triathlonvilleparisis.com\/index.php\/wp-json\/wp\/v2\/comments?post=13"}],"version-history":[{"count":12,"href":"https:\/\/triathlonvilleparisis.com\/index.php\/wp-json\/wp\/v2\/pages\/13\/revisions"}],"predecessor-version":[{"id":349,"href":"https:\/\/triathlonvilleparisis.com\/index.php\/wp-json\/wp\/v2\/pages\/13\/revisions\/349"}],"wp:attachment":[{"href":"https:\/\/triathlonvilleparisis.com\/index.php\/wp-json\/wp\/v2\/media?parent=13"}],"curies":[{"name":"wp","href":"https:\/\/api.w.org\/{rel}","templated":true}]}}