{"id":17,"date":"2022-11-08T21:02:17","date_gmt":"2022-11-08T21:02:17","guid":{"rendered":"https:\/\/triathlonvilleparisis.com\/?page_id=17"},"modified":"2023-09-21T07:01:07","modified_gmt":"2023-09-21T07:01:07","slug":"le-club","status":"publish","type":"page","link":"https:\/\/triathlonvilleparisis.com\/index.php\/le-club\/","title":{"rendered":"Le club"},"content":{"rendered":"\n<p><br>Le triathlon arrive \u00e0 Villeparisis courant de l\u2019ann\u00e9e 1991. Une section et \u00e9cole<br>de natation est en place et est connue pour former de futurs champions<br>nationaux et internationaux.<br>Le triathlon est arriv\u00e9 en France depuis bient\u00f4t 7 \u00e0 8 ans, dans les ann\u00e9es 80.<br>C\u2019est un sport inconnu de tous et toutes et seul(e)s quelques sportifs s\u2019y<br>adonnent avec des r\u00e8gles simples : natation, v\u00e9lo et course \u00e0 pied en solitaire.<br>Pas d\u2019assistance et d\u2019entraide entre les coureurs et coureuses.<br>Epreuve individuelle si il en est, c\u2019est un sport qui peut \u00eatre extr\u00eame par les<br>distances, mais c\u2019est aussi un formidable terrain de jeu et de partage humain<br>quand la difficult\u00e9 de l\u2019\u00e9preuve \u00e9rode le corps et l\u2019esprit.<br>Tr\u00e8s peu d\u2019\u00e9preuves ont lieu en France et les lignes de d\u00e9part d\u00e9passant les 60<br>comp\u00e9titeurs sont encore rares.<br>Du mat\u00e9riel pas encore existant et les comp\u00e9titions en eaux vives engendrent<br>pas mal d\u2019hypothermies\u2026 Les casques \u00e0 boudins sont de mises. Le guidon de<br>triathl\u00e8tes arrivera un peu plus tard et sera mis au devant de la sc\u00e8ne par le<br>cycliste Greg Lemond lors du tour de France historique (Lemond\/Fignon).<br>Les athl\u00e8tes Fran\u00e7ais, en vue \u00e0 cette \u00e9poque sont : les fr\u00e8res Cordier dont le<br>plus c\u00e9l\u00e8bre Yves qui d\u00e9fie les am\u00e9ricains notamment \u00e0 Nice, Eric Plantin, Ren\u00e9<br>Rov\u00e9ra, Christophe Vatinel, Rodolphe Retrain, et encore quelques autres.<br>Et puis d\u00e9j\u00e0 aussi quelques f\u00e9minines dont les s\u0153urs jumelles Isabelle et<br>B\u00e9atrice Mouthon.<br>Le monde du triathlon est domin\u00e9 et repr\u00e9sent\u00e9 par 4 am\u00e9ricains qui ont fait le<br>triathlon et qui l\u2019ont amen\u00e9s \u00e0 ce qu\u2019il est aujourd\u2019hui.<br>\u00ab Le big Four \u00bb<br>Mark Allen, Scott Tinley, Dave Scott et Scott Molina.<br>Tout d\u00e9bute en 1978, le capitaine John Collins de l\u2019arm\u00e9e am\u00e9ricaine cr\u00e9e le 1er<br>triathlon \u00e0 Hawai remport\u00e9 par Gordon Haller.<br>1980 voit la victoire du 1er membre de ce big four, Dave Scott, l\u00e9gendaire, The<br>Man. Mark Allen arrive l\u2019ann\u00e9e suivante, The Grip, l\u2019homme qui ne vous l\u00e2che<br>jamais.<\/p>\n\n\n\n<p>Le triathlon arrive en France quelques ann\u00e9es plus tard et les 1\u00e8res<br>comp\u00e9titions officielles d\u00e9butent en 83 sous l\u2019\u00e9gide du Conadet, pr\u00e9mice de la<br>future FF.TRI.<br>La section de Triathlon de Villeparisis se cr\u00e9\u00e9e en 1991 et est int\u00e9gr\u00e9e au club<br>de natation de Villeparisis. Elle est constitu\u00e9 de 4 triathl\u00e8tes des 1\u00e8res heures<br>venant du club de Triathlon de Gagny. Pour les 4, l\u2019id\u00e9e est de poursuivre le<br>triathlon qu\u2019ils ont d\u00e9couverts en 1984 avec un club plus proche de leur<br>domicile.<br>On compte \u00e0 peine 10 licenci\u00e9s les premi\u00e8res ann\u00e9es et le nombre augmente<br>peu \u00e0 peu pour fr\u00f4ler les 20 personnes en 1996.<br>La section ne s\u2019appelle pas encore TCV\u2026.<br>En 1996, le club de natation de Villeparisis ferme ses portes suite au d\u00e9part de<br>son cr\u00e9ateur.<br>Les triathl\u00e8tes se retrouvent sans section et sans piscine.<br>2 membres du club se d\u00e9cident \u00e0 reprendre la section et recr\u00e9ent avec la<br>ma\u00eetre nageuse de l\u2019\u00e9poque le Club de Triathlon de Villeparisis.<\/p>\n\n\n\n<p><br>Le TCV na\u00eet officiellement le 13 novembre 1996.<br>Les membres fondateur sont Christian Borne, Laurent Josso et Catherine Ratte,<br>pr\u00e9sident, tr\u00e9sorier et secr\u00e9taire MNS.<br>\u00ab La section de Triathlon de Villeparisis, \u00e0 vocation sportive, a pour objet la<br>promotion et le d\u00e9veloppement du triathlon, du duathlon, de chacune des 3<br>disciplines composantes (natation, course \u00e0 pied et v\u00e9lo, par la pratique, la<br>repr\u00e9sentation en comp\u00e9titions, l\u2019organisation de manifestations ou de<br>d\u00e9monstrations \u00bb<\/p>\n\n\n\n<p>Voil\u00e0 en ces quelques mots le texte fondateur de ce 13 novembre 1996.<br>Ce qui n\u2019est pas \u00e9crit dans ce texte mais qui fixe le socle principal du club,<br>socle fort aux c\u0153urs des fondateurs, est la pratique de ce fabuleux sport, en<br>pr\u00e9servant sans aucun compromis possible, le respect de chacun, des r\u00e8gles du<br>sport et puis surtout le plaisir d\u2019\u00eatre et de partager des moments d\u2019amiti\u00e9 et de<br>d\u00e9fi sportif tout en s\u2019amusant et relativisant la performance et son niveau.<br>Les droits de l\u2019homme nous disent que tous les hommes sont \u00e9gaux, le<br>triathlon montre que rien de plus in\u00e9gal est la pratique sportive et celle du<br>triathlon et de sa performance. Notre patrimoine g\u00e9n\u00e9tique, notre vie sociale,<br>laissent \u00e0 chacun un terrain de performance et de plaisir qui lui sont propres.<br>Le plaisir est l\u00e0, sa propre performance peut-\u00eatre essentielle, mais sans se<br>soucier, sans envier, ceux dont la g\u00e9n\u00e9tique \u00e0 accorder des capacit\u00e9s<br>sup\u00e9rieures. L\u2019essence du triathlon et de l\u2019effort extr\u00eame.<\/p>\n\n\n\n<p><br>Etre dans le top ten ou dans les 10 derniers constitue aux yeux des membres<br>fondateurs la m\u00eame performance.<br>Humilit\u00e9, amiti\u00e9, sportivit\u00e9 sont les 3 pieds sur lesquels le club de triathlon de<br>Villeparisis s\u2019est assis le 13 novembre 1996. Il n\u2019en est jamais tomb\u00e9.<br>Les ann\u00e9es ont vu pass\u00e9 multitude de triathl\u00e8tes, masculin et f\u00e9minin. Tous et<br>toutes ont laiss\u00e9 des souvenirs, sourires et rires inoubliables.<br>Des arriv\u00e9es et des d\u00e9parts qui marquent et font l\u2019histoire du TCV.<br>Des \u00e9preuves dans toute la France, des plus petites (400m natation, 15 kms<br>v\u00e9lo, 4 kms course \u00e0 pied) aux plus grandes (Ironman Nice, Embrun) sont la<br>cible des triathl\u00e8tes de Villeparisis, en solitaire et en groupe.<\/p>\n\n\n\n<p><br>Les membres du TCV, avec leur propre histoire sportive, ont fait d\u00e9couvrir au<br>gr\u00e8s de leur parcours sportif d\u2019autres disciplines qui sont au c\u0153ur \u00e0 ce jour de<br>nos ann\u00e9es de comp\u00e9tition (trails, ultra-distance, 100 kms, swim and run, \u2026).<br>La pr\u00e9sidence du club a connu 2 pr\u00e9sidents (Christian Borne et Michel Josso,<br>oncle d\u2019un des membres fondateur).<\/p>\n\n\n\n<p><br>La gestion de la tr\u00e9sorerie du club, laiss\u00e9e vacante au d\u00e9part de son tr\u00e9sorier<br>fondateur, a \u00e9t\u00e9 assur\u00e9 par la pr\u00e9sidence avant que de nouveaux membres en<br>prennent la charge (Guy Connan et Didier Bourgeois plus r\u00e9cemment).<br>Le secr\u00e9tariat est depuis longtemps sous la plume et la gestion de Jennifer<br>Parize.<\/p>\n\n\n\n<p><br>De 20 unit\u00e9s la section TCV est pass\u00e9e au fil des nombreuses ann\u00e9es<br>d\u2019existence \u00e0 plus de 50 membres, femmes, adolescents et hommes, de 14 ans<br>\u00e0 plus de 70 ans \u2026 comme quoi le triathlon est un sport praticable par tout le<br>monde.<\/p>\n\n\n\n<p><br>Accueillir toute personne voulant d\u00e9couvrir le triathlon est le but du TCV,<br>l\u2019accueillir dans un esprit convivial et sportif, \u00e0 l\u2019\u00e9coute de chacun, est depuis<br>1996 le fil conducteur du club. Relativiser sur la performance, accepter d\u2019\u00eatre<br>peu performant un jour, respecter son corps, l\u2019\u00e9couter pour en retirer un<\/p>\n\n\n\n<p>b\u00e9n\u00e9fice, allier mental et physique, aller de l\u2019avant et s\u2019accrocher quand cela<br>devient dur \u2026.<br>Chaque triathl\u00e8te vous dira que, au-del\u00e0 du b\u00e9n\u00e9fice physique obtenu, la<br>pratique de la comp\u00e9tition a un impact dans la vie de tous les jours.<br>2021, 25 d\u2019existence, 48 membres, toujours le m\u00eame plaisir partag\u00e9, la m\u00eame<br>piscine Jean Taris.<\/p>\n\n\n\n<p><br>Sans oublier l\u2019ensemble des MNS qui ont, chaque ann\u00e9e, enseign\u00e9 \u00e0 chacun le<br>bon geste, corrigeant et am\u00e9liorant la technique de chacun d\u2019entre nous.<br>Depuis 4 ans, le TCV est associ\u00e9 au club de course \u00e0 pied de Courtry et permet<br>aux triathl\u00e8tes d\u2019avoir des entra\u00eenements de qualit\u00e9 en course \u00e0 pied.<br>2021 est une ann\u00e9e sp\u00e9ciale, suite malheureuse de 2020 qui a vu l\u2019arriv\u00e9e de<br>la pand\u00e9mie mondiale de Covid-19.<\/p>\n\n\n\n<p><br>Le club est affect\u00e9, comme beaucoup d\u2019associations et clubs sportifs, par cette<br>pand\u00e9mie.<br>La piscine est devenue inaccessible et les entra\u00eenements ext\u00e9rieures limit\u00e9s au<br>strict possible (distanciation, nombre).<br>Le TCV reste, restera et gardera son identit\u00e9, port\u00e9e par le bureau mais surtout<br>par tous les membres triathl\u00e8tes qui le constitue.<\/p>\n","protected":false},"excerpt":{"rendered":"<p>Le triathlon arrive \u00e0 Villeparisis courant de l\u2019ann\u00e9e 1991. Une section et \u00e9colede natation est en place et est connue pour former de futurs championsnationaux et internationaux.Le triathlon est arriv\u00e9 en France depuis bient\u00f4t 7 \u00e0 8 ans, dans les ann\u00e9es 80.C\u2019est un sport inconnu de tous et toutes et seul(e)s quelques sportifs s\u2019yadonnent avec [&hellip;]<\/p>\n","protected":false},"author":1,"featured_media":0,"parent":0,"menu_order":0,"comment_status":"closed","ping_status":"closed","template":"","meta":{"footnotes":""},"class_list":["post-17","page","type-page","status-publish","hentry"],"_links":{"self":[{"href":"https:\/\/triathlonvilleparisis.com\/index.php\/wp-json\/wp\/v2\/pages\/17"}],"collection":[{"href":"https:\/\/triathlonvilleparisis.com\/index.php\/wp-json\/wp\/v2\/pages"}],"about":[{"href":"https:\/\/triathlonvilleparisis.com\/index.php\/wp-json\/wp\/v2\/types\/page"}],"author":[{"embeddable":true,"href":"https:\/\/triathlonvilleparisis.com\/index.php\/wp-json\/wp\/v2\/users\/1"}],"replies":[{"embeddable":true,"href":"https:\/\/triathlonvilleparisis.com\/index.php\/wp-json\/wp\/v2\/comments?post=17"}],"version-history":[{"count":2,"href":"https:\/\/triathlonvilleparisis.com\/index.php\/wp-json\/wp\/v2\/pages\/17\/revisions"}],"predecessor-version":[{"id":348,"href":"https:\/\/triathlonvilleparisis.com\/index.php\/wp-json\/wp\/v2\/pages\/17\/revisions\/348"}],"wp:attachment":[{"href":"https:\/\/triathlonvilleparisis.com\/index.php\/wp-json\/wp\/v2\/media?parent=17"}],"curies":[{"name":"wp","href":"https:\/\/api.w.org\/{rel}","templated":true}]}}